{"id":14006,"date":"2014-03-26T12:05:37","date_gmt":"2014-03-26T12:05:37","guid":{"rendered":"http:\/\/demo.qodeinteractive.com\/bridge\/?page_id=14006"},"modified":"2019-12-10T17:02:39","modified_gmt":"2019-12-10T17:02:39","slug":"home-3","status":"publish","type":"page","link":"http:\/\/blaservices.com.mx\/inicio\/","title":{"rendered":"Home 3"},"content":{"rendered":"<p>[vc_row css_animation=&#8221;&#8221; row_type=&#8221;row&#8221; use_row_as_full_screen_section=&#8221;no&#8221; type=&#8221;grid&#8221; angled_section=&#8221;no&#8221; text_align=&#8221;left&#8221; background_image_as_pattern=&#8221;without_pattern&#8221; background_color=&#8221;#ffffff&#8221; padding_top=&#8221;95&#8243; padding_bottom=&#8221;0&#8243; css=&#8221;.vc_custom_1575927692240{background-color: #ffffff !important;}&#8221;][vc_column width=&#8221;1\/2&#8243;][vc_single_image image=&#8221;14906&#8243; img_size=&#8221;full&#8221; qode_css_animation=&#8221;&#8221;][vc_row_inner row_type=&#8221;row&#8221; use_as_box=&#8221;use_row_as_box&#8221; type=&#8221;full_width&#8221; text_align=&#8221;left&#8221; css_animation=&#8221;&#8221; padding_top=&#8221;0&#8243; padding_bottom=&#8221;28&#8243; padding=&#8221;0&#8243;][vc_column_inner][vc_separator type=&#8221;transparent&#8221; up=&#8221;17&#8243; down=&#8221;0&#8243;][vc_column_text]<\/p>\n<h3>Corredur\u00eda P\u00fablica 11<\/h3>\n<p>[\/vc_column_text][vc_separator type=&#8221;transparent&#8221; up=&#8221;10&#8243; down=&#8221;0&#8243;][vc_column_text]<strong>Funciones:<\/strong><\/p>\n<ul>\n<li>Fungir como perito valuador.<\/li>\n<li>Asesorar jur\u00eddicamente.<\/li>\n<li>Actuar como \u00e1rbitro.<\/li>\n<li>Actuar como fedatario p\u00fablico.<\/li>\n<li>Actuar como fedatario en la constituci\u00f3n.<\/li>\n<li>Cotejar y certificar.<\/li>\n<\/ul>\n<p>[\/vc_column_text][vc_separator type=&#8221;transparent&#8221; up=&#8221;12&#8243; down=&#8221;0&#8243;]<a  itemprop=\"url\" href=\"http:\/\/blaservices.com.mx\/inicio\/correduria-publica-11\/\" target=\"_self\"  class=\"qbutton  default\" style=\"border-color: #c40505; \">M\u00e1s informaci\u00f3n<\/a>[\/vc_column_inner][\/vc_row_inner][\/vc_column][vc_column width=&#8221;1\/2&#8243;][vc_single_image image=&#8221;15231&#8243; img_size=&#8221;full&#8221; qode_css_animation=&#8221;&#8221;][vc_row_inner row_type=&#8221;row&#8221; use_as_box=&#8221;use_row_as_box&#8221; type=&#8221;full_width&#8221; text_align=&#8221;left&#8221; css_animation=&#8221;&#8221; padding_top=&#8221;0&#8243; padding_bottom=&#8221;28&#8243; padding=&#8221;0&#8243;][vc_column_inner][vc_separator type=&#8221;transparent&#8221; up=&#8221;17&#8243; down=&#8221;0&#8243;][vc_column_text]<\/p>\n<h3>BLA<\/h3>\n<p>[\/vc_column_text][vc_separator type=&#8221;transparent&#8221; up=&#8221;10&#8243; down=&#8221;0&#8243;][vc_column_text]<strong>Funciones:<\/strong><\/p>\n<ul>\n<li>Litigio Estrat\u00e9gico.<\/li>\n<li>Servicios de Cabildeo Legislativo.<\/li>\n<li>Servicios de Traducci\u00f3n Legal Espa\u00f1ol-Ingl\u00e9s-Espa\u00f1ol.<\/li>\n<li>Servicios Legales.<\/li>\n<li>Servicios de Valuaci\u00f3n.<\/li>\n<li>Soluciones Integrales Corporativas.<\/li>\n<\/ul>\n<p>[\/vc_column_text][vc_separator type=&#8221;transparent&#8221; up=&#8221;12&#8243; down=&#8221;0&#8243;]<a  itemprop=\"url\" href=\"http:\/\/blaservices.com.mx\/inicio\/bla-services\/\" target=\"_self\"  class=\"qbutton  default\" style=\"border-color: #c40505; \">M\u00e1s informaci\u00f3n<\/a>[\/vc_column_inner][\/vc_row_inner][\/vc_column][\/vc_row][vc_row row_type=&#8221;parallax&#8221; parallax_content_width=&#8221;in_grid&#8221; text_align=&#8221;left&#8221; full_screen_section_height=&#8221;no&#8221; section_height=&#8221;350&#8243;][vc_column][vc_empty_space][vc_row_inner row_type=&#8221;row&#8221; type=&#8221;full_width&#8221; text_align=&#8221;center&#8221; css_animation=&#8221;&#8221; css=&#8221;.vc_custom_1449782843832{background-color: #ffffff !important;}&#8221;][vc_column_inner width=&#8221;1\/2&#8243; css=&#8221;.vc_custom_1449782445544{background-color: #ffffff !important;}&#8221;][vc_separator type=&#8221;transparent&#8221; up=&#8221;10&#8243; down=&#8221;0&#8243;][vc_column_text]<\/p>\n<h2>Misi\u00f3n<\/h2>\n<p>[\/vc_column_text][vc_separator type=&#8221;small&#8221; position=&#8221;center&#8221; up=&#8221;7&#8243; down=&#8221;38&#8243;][vc_column_text]<\/p>\n<h4 style=\"text-align: left;\"><span style=\"line-height: 1.5;\">La prestaci\u00f3n integral y de alta calidad de servicios de negocio, legales y de valuaci\u00f3n bajo en esquema de atenci\u00f3n personalizada, identificando los riesgos potenciales y proponiendo soluciones consolidadas e innovadoras.<\/span><\/h4>\n<p>[\/vc_column_text][vc_separator type=&#8221;transparent&#8221; up=&#8221;35&#8243; down=&#8221;0&#8243;][\/vc_column_inner][vc_column_inner width=&#8221;1\/2&#8243; css=&#8221;.vc_custom_1449782465404{background-color: #ffffff !important;}&#8221;][vc_separator type=&#8221;transparent&#8221; up=&#8221;10&#8243; down=&#8221;0&#8243;][vc_column_text]<\/p>\n<h2>Visi\u00f3n<\/h2>\n<p>[\/vc_column_text][vc_separator type=&#8221;small&#8221; position=&#8221;center&#8221; up=&#8221;7&#8243; down=&#8221;38&#8243;][vc_column_text]<\/p>\n<h4 style=\"text-align: left;\">Mediante la utilizaci\u00f3n de las herramientas tecnol\u00f3gicas (e-legal), actualizaci\u00f3n continua, lealtad a los clientes y a la Firma, trabajo en equipo y la aplicaci\u00f3n de la t\u00e9cnica de cuatro ojos ven mejor que dos, BLA cumplir\u00e1 con los est\u00e1ndares de servicio especificados en la Misi\u00f3n.<\/h4>\n<p>[\/vc_column_text][vc_separator type=&#8221;transparent&#8221; up=&#8221;35&#8243; down=&#8221;0&#8243;][\/vc_column_inner][\/vc_row_inner][\/vc_column][\/vc_row][vc_row row_type=&#8221;parallax&#8221; parallax_content_width=&#8221;in_grid&#8221; text_align=&#8221;left&#8221; full_screen_section_height=&#8221;no&#8221; background_image=&#8221;15063&#8243; section_height=&#8221;500&#8243;][vc_column][vc_separator type=&#8221;small&#8221; position=&#8221;center&#8221; color=&#8221;#ffffff&#8221; up=&#8221;15&#8243; down=&#8221;7&#8243;][vc_column_text]<\/p>\n<h2 style=\"text-align: center;\"><span style=\"color: #ffffff;\">SOCIAL MEDIA<br \/>\n<\/span><\/h2>\n<p>[\/vc_column_text][vc_separator type=&#8221;small&#8221; position=&#8221;center&#8221; color=&#8221;#ffffff&#8221; up=&#8221;7&#8243; down=&#8221;45&#8243;][vc_row_inner row_type=&#8221;row&#8221; type=&#8221;full_width&#8221; text_align=&#8221;center&#8221; css_animation=&#8221;&#8221;][vc_column_inner width=&#8221;1\/2&#8243;][vc_column_text css=&#8221;.vc_custom_1448321213013{background-color: #ffffff !important;}&#8221;]<\/p>\n<div class=\"cff-wrapper\"><div class=\"cff-wrapper-ctn  cff-wrapper-fixed-height\"  style=\"height:350px;background-color:#ffffff;\" ><div id=\"cff\"  class=\"cff cff-list-container  cff-fixed-height  cff-default-styles \"    data-char=\"400\" ><div class=\"cff-error-msg\">\n\t<div>\n\t\t<i class=\"fa fa-lock\" aria-hidden=\"true\" style=\"margin-right: 5px;\"><\/i><b>Este mensaje solo es visible para los administradores.<\/b><br\/>\n\t\tProblema al mostrar las entradas de Facebook. Copia de seguridad de la cach\u00e9 en uso.\t\t\t\t\t<br\/><a href=\"javascript:void(0);\" id=\"cff-show-error\" onclick=\"cffShowError()\">Haz clic para mostrar el error<\/a>\n\t\t\t<script type=\"text\/javascript\">function cffShowError() { document.getElementById(\"cff-error-reason\").style.display = \"block\"; document.getElementById(\"cff-show-error\").style.display = \"none\"; }<\/script>\n\t\t\t<\/div>\n\t\t\t<div id=\"cff-error-reason\">\n\t\t\t\t\t\t\t\t\t<b>Error:<\/b> (#200) Provide valid app ID\t\t\t\t\t\t\t\t\t\t\t\t\t<b>Tipo:<\/b> OAuthException\t\t\t\t\t\t\t\t\t\t\t\t\t\t\t\t\t\t\t\t\t\t\t\t\t\t\t\t\n\t\t\t<\/div>\n\t\t\t\t\n<\/div>\n<div class=\"cff-posts-wrap\"><\/div><input class=\"cff-pag-url\" type=\"hidden\" data-locatornonce=\"6b6606e6ea\" data-cff-shortcode=\"\" data-post-id=\"14006\" data-feed-id=\"1235585273124374\"><\/div><\/div><div class=\"cff-clear\"><\/div><\/div>\n<p>[\/vc_column_text][\/vc_column_inner][vc_column_inner width=&#8221;1\/2&#8243;][vc_raw_html]JTNDYSUyMGNsYXNzJTNEJTIydHdpdHRlci10aW1lbGluZSUyMiUyMGhyZWYlM0QlMjJodHRwcyUzQSUyRiUyRnR3aXR0ZXIuY29tJTJGQkxBc2VydmljaW9zJTNGcmVmX3NyYyUzRHR3c3JjJTI1NUV0ZnclMjIlM0VUd2VldHMlMjBieSUyMEJMQXNlcnZpY2lvcyUzQyUyRmElM0UlMjAlM0NzY3JpcHQlMjBhc3luYyUyMHNyYyUzRCUyMmh0dHBzJTNBJTJGJTJGcGxhdGZvcm0udHdpdHRlci5jb20lMkZ3aWRnZXRzLmpzJTIyJTIwY2hhcnNldCUzRCUyMnV0Zi04JTIyJTNFJTNDJTJGc2NyaXB0JTNF[\/vc_raw_html][vc_empty_space][\/vc_column_inner][\/vc_row_inner][vc_separator type=&#8221;transparent&#8221; up=&#8221;79&#8243; down=&#8221;20&#8243;][\/vc_column][\/vc_row][vc_row css_animation=&#8221;&#8221; row_type=&#8221;row&#8221; use_row_as_full_screen_section=&#8221;no&#8221; type=&#8221;grid&#8221; angled_section=&#8221;no&#8221; text_align=&#8221;left&#8221; background_image_as_pattern=&#8221;without_pattern&#8221; background_color=&#8221;#ffffff&#8221; padding_top=&#8221;87&#8243; padding_bottom=&#8221;0&#8243;][vc_column][vc_column_text]<\/p>\n<h2 style=\"text-align: center;\">ART\u00cdCULOS RECIENTES<\/h2>\n<p>[\/vc_column_text][vc_separator type=&#8221;small&#8221; position=&#8221;center&#8221; up=&#8221;7&#8243; down=&#8221;38&#8243;][vc_column_text]<\/p>\n<h4 style=\"text-align: center;\">Noticias jur\u00eddicas, art\u00edculos\u00a0jur\u00eddicos, \u00faltimas publicaciones en temas\u00a0de derecho, y noticias de BLA Services<\/h4>\n<p>[\/vc_column_text][vc_separator type=&#8221;transparent&#8221; up=&#8221;31&#8243; down=&#8221;17&#8243;]\n<div class='latest_post_holder dividers four_columns one_row' >\n    <ul>\n    \n        <li class=\"clearfix\">\n            <div class=\"boxes_image\">\n                <a itemprop=\"url\" href=\"http:\/\/blaservices.com.mx\/inicio\/2015\/12\/18\/administrative-rescission-clause-in-hydrocarbons\/\"><img width=\"539\" height=\"303\" src=\"http:\/\/blaservices.com.mx\/inicio\/wp-content\/uploads\/2015\/12\/oil_rig_louisiana-539x303.jpg\" class=\"attachment-latest_post_boxes size-latest_post_boxes wp-post-image\" alt=\"\" decoding=\"async\" loading=\"lazy\" \/><\/a>\n            <\/div>\n            <div class=\"latest_post\"  >\n                <div class=\"latest_post_text\">\n                    <div class=\"latest_post_inner\">\n                        <div itemprop=\"dateCreated\" class=\"latest_post_date entry_date updated\">\n                            <div class=\"latest_post_day\">18<\/div>\n                            <div class=\"latest_post_month\">Dic<\/div>\n                            <meta itemprop=\"interactionCount\" content=\"UserComments: 0\" \/>\n                        <\/div>\n\n                        <div class=\"latest_post_text_inner\">\n                            <h5 itemprop=\"name\" class=\"latest_post_title entry_title\"><a itemprop=\"url\" href=\"http:\/\/blaservices.com.mx\/inicio\/2015\/12\/18\/administrative-rescission-clause-in-hydrocarbons\/\">ADMINISTRATIVE RESCISSION CLAUSE IN HYDROCARBONS\u2019 EXPLORATION AND EXTRACTION CONTRACTS<\/a><\/h5>\n                            <p class=\"excerpt\">Miguel Angel Marmolejo Cerv...<\/p>                            <span class=\"post_infos\">\n\n                                \n                                \n                                \n                                                            <\/span>\n\n                        <\/div>\n                    <\/div>\n                <\/div>\n            <\/div>\n        <\/li>\n        \n        <li class=\"clearfix\">\n            <div class=\"boxes_image\">\n                <a itemprop=\"url\" href=\"http:\/\/blaservices.com.mx\/inicio\/2015\/07\/23\/amparo-directo-7402010-tribunal-colegiado-de-circuito\/\"><img width=\"539\" height=\"303\" src=\"http:\/\/blaservices.com.mx\/inicio\/wp-content\/uploads\/2015\/07\/justicia-cotidiana-539x303.jpg\" class=\"attachment-latest_post_boxes size-latest_post_boxes wp-post-image\" alt=\"\" decoding=\"async\" loading=\"lazy\" srcset=\"http:\/\/blaservices.com.mx\/inicio\/wp-content\/uploads\/2015\/07\/justicia-cotidiana-539x303.jpg 539w, http:\/\/blaservices.com.mx\/inicio\/wp-content\/uploads\/2015\/07\/justicia-cotidiana-300x169.jpg 300w, http:\/\/blaservices.com.mx\/inicio\/wp-content\/uploads\/2015\/07\/justicia-cotidiana-1024x576.jpg 1024w, http:\/\/blaservices.com.mx\/inicio\/wp-content\/uploads\/2015\/07\/justicia-cotidiana-700x394.jpg 700w, http:\/\/blaservices.com.mx\/inicio\/wp-content\/uploads\/2015\/07\/justicia-cotidiana.jpg 1200w\" sizes=\"(max-width: 539px) 100vw, 539px\" \/><\/a>\n            <\/div>\n            <div class=\"latest_post\"  >\n                <div class=\"latest_post_text\">\n                    <div class=\"latest_post_inner\">\n                        <div itemprop=\"dateCreated\" class=\"latest_post_date entry_date updated\">\n                            <div class=\"latest_post_day\">23<\/div>\n                            <div class=\"latest_post_month\">Jul<\/div>\n                            <meta itemprop=\"interactionCount\" content=\"UserComments: 0\" \/>\n                        <\/div>\n\n                        <div class=\"latest_post_text_inner\">\n                            <h5 itemprop=\"name\" class=\"latest_post_title entry_title\"><a itemprop=\"url\" href=\"http:\/\/blaservices.com.mx\/inicio\/2015\/07\/23\/amparo-directo-7402010-tribunal-colegiado-de-circuito\/\">Amparo Directo 740\/2010 Tribunal Colegiado de Circuito<\/a><\/h5>\n                            <p class=\"excerpt\">Descargar reporte \u00a0\u00a0http:\/\/...<\/p>                            <span class=\"post_infos\">\n\n                                \n                                \n                                \n                                                            <\/span>\n\n                        <\/div>\n                    <\/div>\n                <\/div>\n            <\/div>\n        <\/li>\n        \n        <li class=\"clearfix\">\n            <div class=\"boxes_image\">\n                <a itemprop=\"url\" href=\"http:\/\/blaservices.com.mx\/inicio\/2015\/07\/23\/articulodos\/\"><img width=\"539\" height=\"303\" src=\"http:\/\/blaservices.com.mx\/inicio\/wp-content\/uploads\/2015\/07\/image006-539x303.jpg\" class=\"attachment-latest_post_boxes size-latest_post_boxes wp-post-image\" alt=\"\" decoding=\"async\" loading=\"lazy\" \/><\/a>\n            <\/div>\n            <div class=\"latest_post\"  >\n                <div class=\"latest_post_text\">\n                    <div class=\"latest_post_inner\">\n                        <div itemprop=\"dateCreated\" class=\"latest_post_date entry_date updated\">\n                            <div class=\"latest_post_day\">23<\/div>\n                            <div class=\"latest_post_month\">Jul<\/div>\n                            <meta itemprop=\"interactionCount\" content=\"UserComments: 0\" \/>\n                        <\/div>\n\n                        <div class=\"latest_post_text_inner\">\n                            <h5 itemprop=\"name\" class=\"latest_post_title entry_title\"><a itemprop=\"url\" href=\"http:\/\/blaservices.com.mx\/inicio\/2015\/07\/23\/articulodos\/\">Ampliaci\u00f3n de la Responsabilidad subsidiaria-solidaria del ente societario a la luz de la evoluci\u00f3n de la teor\u00eda del levantamiento del velo corporativo:<\/a><\/h5>\n                            <p class=\"excerpt\">\u00bfOportunidad invaluable del...<\/p>                            <span class=\"post_infos\">\n\n                                \n                                \n                                \n                                                            <\/span>\n\n                        <\/div>\n                    <\/div>\n                <\/div>\n            <\/div>\n        <\/li>\n        \n        <li class=\"clearfix\">\n            <div class=\"boxes_image\">\n                <a itemprop=\"url\" href=\"http:\/\/blaservices.com.mx\/inicio\/2016\/09\/02\/articulos-de-la-revista-praxis-de-la-justicia-fiscal-y-administrativa\/\"><img width=\"539\" height=\"303\" src=\"http:\/\/blaservices.com.mx\/inicio\/wp-content\/uploads\/2016\/09\/1168056_89855414-e1368046293636-539x303.jpg\" class=\"attachment-latest_post_boxes size-latest_post_boxes wp-post-image\" alt=\"\" decoding=\"async\" loading=\"lazy\" \/><\/a>\n            <\/div>\n            <div class=\"latest_post\"  >\n                <div class=\"latest_post_text\">\n                    <div class=\"latest_post_inner\">\n                        <div itemprop=\"dateCreated\" class=\"latest_post_date entry_date updated\">\n                            <div class=\"latest_post_day\">02<\/div>\n                            <div class=\"latest_post_month\">Sep<\/div>\n                            <meta itemprop=\"interactionCount\" content=\"UserComments: 0\" \/>\n                        <\/div>\n\n                        <div class=\"latest_post_text_inner\">\n                            <h5 itemprop=\"name\" class=\"latest_post_title entry_title\"><a itemprop=\"url\" href=\"http:\/\/blaservices.com.mx\/inicio\/2016\/09\/02\/articulos-de-la-revista-praxis-de-la-justicia-fiscal-y-administrativa\/\">Art\u00edculos de la revista Praxis de la Justicia fiscal y administrativa<\/a><\/h5>\n                            <p class=\"excerpt\">A continuaci\u00f3n se encuentra...<\/p>                            <span class=\"post_infos\">\n\n                                \n                                \n                                \n                                                            <\/span>\n\n                        <\/div>\n                    <\/div>\n                <\/div>\n            <\/div>\n        <\/li>\n            <\/ul>\n<\/div>[\/vc_column][\/vc_row][vc_row css_animation=&#8221;&#8221; row_type=&#8221;row&#8221; use_row_as_full_screen_section=&#8221;no&#8221; type=&#8221;grid&#8221; angled_section=&#8221;no&#8221; text_align=&#8221;left&#8221; background_image_as_pattern=&#8221;without_pattern&#8221; padding_top=&#8221;66&#8243; padding_bottom=&#8221;67&#8243;][vc_column][vc_column_text]<\/p>\n<h2 style=\"text-align: center;\">ALIANZAS CON OTRAS COMPA\u00d1\u00cdAS<\/h2>\n<p>[\/vc_column_text]<div class='qode_carousels_holder clearfix'><div class='qode_carousels' data-number-of-visible-items=''><ul class='slides'><li class='item'><div class=\"carousel_item_holder\"><span class='first_image_holder has_hover_image'><img itemprop=\"image\" src=\"http:\/\/blaservices.com.mx\/inicio\/wp-content\/uploads\/2015\/12\/1-g.png\" alt=\"carousel image\" \/><\/span><span class='second_image_holder has_hover_image'><img itemprop=\"image\" src=\"http:\/\/blaservices.com.mx\/inicio\/wp-content\/uploads\/2015\/12\/1.png\" alt=\"carousel image\" \/><\/span><\/div><\/li><li class='item'><div class=\"carousel_item_holder\"><span class='first_image_holder has_hover_image'><img itemprop=\"image\" src=\"http:\/\/blaservices.com.mx\/inicio\/wp-content\/uploads\/2015\/12\/2-g1.png\" alt=\"carousel image\" \/><\/span><span class='second_image_holder has_hover_image'><img itemprop=\"image\" src=\"http:\/\/blaservices.com.mx\/inicio\/wp-content\/uploads\/2015\/12\/21.png\" alt=\"carousel image\" \/><\/span><\/div><\/li><li class='item'><div class=\"carousel_item_holder\"><span class='first_image_holder has_hover_image'><img itemprop=\"image\" src=\"http:\/\/blaservices.com.mx\/inicio\/wp-content\/uploads\/2015\/12\/3-g.png\" alt=\"carousel image\" \/><\/span><span class='second_image_holder has_hover_image'><img itemprop=\"image\" src=\"http:\/\/blaservices.com.mx\/inicio\/wp-content\/uploads\/2015\/12\/3.png\" alt=\"carousel image\" \/><\/span><\/div><\/li><li class='item'><div class=\"carousel_item_holder\"><span class='first_image_holder has_hover_image'><img itemprop=\"image\" src=\"http:\/\/blaservices.com.mx\/inicio\/wp-content\/uploads\/2015\/12\/4-g1.png\" alt=\"carousel image\" \/><\/span><span class='second_image_holder has_hover_image'><img itemprop=\"image\" src=\"http:\/\/blaservices.com.mx\/inicio\/wp-content\/uploads\/2015\/12\/41.png\" alt=\"carousel image\" \/><\/span><\/div><\/li><li class='item'><div class=\"carousel_item_holder\"><span class='first_image_holder has_hover_image'><img itemprop=\"image\" src=\"http:\/\/blaservices.com.mx\/inicio\/wp-content\/uploads\/2015\/12\/5-g1.png\" alt=\"carousel image\" \/><\/span><span class='second_image_holder has_hover_image'><img itemprop=\"image\" src=\"http:\/\/blaservices.com.mx\/inicio\/wp-content\/uploads\/2015\/12\/51.png\" alt=\"carousel image\" \/><\/span><\/div><\/li><li class='item'><div class=\"carousel_item_holder\"><span class='first_image_holder has_hover_image'><img itemprop=\"image\" src=\"http:\/\/blaservices.com.mx\/inicio\/wp-content\/uploads\/2015\/12\/6-g1.png\" alt=\"carousel image\" \/><\/span><span class='second_image_holder has_hover_image'><img itemprop=\"image\" src=\"http:\/\/blaservices.com.mx\/inicio\/wp-content\/uploads\/2015\/12\/61.png\" alt=\"carousel image\" \/><\/span><\/div><\/li><li class='item'><div class=\"carousel_item_holder\"><span class='first_image_holder has_hover_image'><img itemprop=\"image\" src=\"http:\/\/blaservices.com.mx\/inicio\/wp-content\/uploads\/2015\/12\/7-g1.png\" alt=\"carousel image\" \/><\/span><span class='second_image_holder has_hover_image'><img itemprop=\"image\" src=\"http:\/\/blaservices.com.mx\/inicio\/wp-content\/uploads\/2015\/12\/71.png\" alt=\"carousel image\" \/><\/span><\/div><\/li><li class='item'><div class=\"carousel_item_holder\"><span class='first_image_holder has_hover_image'><img itemprop=\"image\" src=\"http:\/\/blaservices.com.mx\/inicio\/wp-content\/uploads\/2015\/12\/8.png\" alt=\"carousel image\" \/><\/span><span class='second_image_holder has_hover_image'><img itemprop=\"image\" src=\"http:\/\/blaservices.com.mx\/inicio\/wp-content\/uploads\/2015\/12\/8.png\" alt=\"carousel image\" \/><\/span><\/div><\/li><li class='item'><div class=\"carousel_item_holder\"><span class='first_image_holder has_hover_image'><img itemprop=\"image\" src=\"http:\/\/blaservices.com.mx\/inicio\/wp-content\/uploads\/2015\/12\/9-g.png\" alt=\"carousel image\" \/><\/span><span class='second_image_holder has_hover_image'><img itemprop=\"image\" src=\"http:\/\/blaservices.com.mx\/inicio\/wp-content\/uploads\/2015\/12\/9.png\" alt=\"carousel image\" \/><\/span><\/div><\/li><li class='item'><div class=\"carousel_item_holder\"><span class='first_image_holder has_hover_image'><img itemprop=\"image\" src=\"http:\/\/blaservices.com.mx\/inicio\/wp-content\/uploads\/2015\/12\/10-g.png\" alt=\"carousel image\" \/><\/span><span class='second_image_holder has_hover_image'><img itemprop=\"image\" src=\"http:\/\/blaservices.com.mx\/inicio\/wp-content\/uploads\/2015\/12\/10.png\" alt=\"carousel image\" \/><\/span><\/div><\/li><li class='item'><div class=\"carousel_item_holder\"><span class='first_image_holder has_hover_image'><img itemprop=\"image\" src=\"http:\/\/blaservices.com.mx\/inicio\/wp-content\/uploads\/2015\/12\/11-g.png\" alt=\"carousel image\" \/><\/span><span class='second_image_holder has_hover_image'><img itemprop=\"image\" src=\"http:\/\/blaservices.com.mx\/inicio\/wp-content\/uploads\/2015\/12\/11.png\" alt=\"carousel image\" \/><\/span><\/div><\/li><li class='item'><div class=\"carousel_item_holder\"><span class='first_image_holder has_hover_image'><img itemprop=\"image\" src=\"http:\/\/blaservices.com.mx\/inicio\/wp-content\/uploads\/2015\/12\/12-g.png\" alt=\"carousel image\" \/><\/span><span class='second_image_holder has_hover_image'><img itemprop=\"image\" src=\"http:\/\/blaservices.com.mx\/inicio\/wp-content\/uploads\/2015\/12\/12.png\" alt=\"carousel image\" \/><\/span><\/div><\/li><\/ul><\/div><\/div>[\/vc_column][\/vc_row]<\/p>\n","protected":false},"excerpt":{"rendered":"<p>[vc_row css_animation=&#8221;&#8221; row_type=&#8221;row&#8221; use_row_as_full_screen_section=&#8221;no&#8221; type=&#8221;grid&#8221; angled_section=&#8221;no&#8221; text_align=&#8221;left&#8221; background_image_as_pattern=&#8221;without_pattern&#8221; background_color=&#8221;#ffffff&#8221; padding_top=&#8221;95&#8243; padding_bottom=&#8221;0&#8243; css=&#8221;.vc_custom_1575927692240{background-color: #ffffff !important;}&#8221;][vc_column width=&#8221;1\/2&#8243;][vc_single_image image=&#8221;14906&#8243; img_size=&#8221;full&#8221; qode_css_animation=&#8221;&#8221;][vc_row_inner row_type=&#8221;row&#8221; use_as_box=&#8221;use_row_as_box&#8221; type=&#8221;full_width&#8221; text_align=&#8221;left&#8221; css_animation=&#8221;&#8221; padding_top=&#8221;0&#8243; padding_bottom=&#8221;28&#8243; padding=&#8221;0&#8243;][vc_column_inner][vc_separator type=&#8221;transparent&#8221; up=&#8221;17&#8243; down=&#8221;0&#8243;][vc_column_text] Corredur\u00eda P\u00fablica 11 [\/vc_column_text][vc_separator type=&#8221;transparent&#8221; up=&#8221;10&#8243; down=&#8221;0&#8243;][vc_column_text]Funciones: Fungir como perito valuador. Asesorar jur\u00eddicamente. Actuar como \u00e1rbitro&#8230;.<\/p>\n","protected":false},"author":1,"featured_media":0,"parent":0,"menu_order":0,"comment_status":"open","ping_status":"open","template":"full_width.php","meta":[],"_links":{"self":[{"href":"http:\/\/blaservices.com.mx\/inicio\/wp-json\/wp\/v2\/pages\/14006"}],"collection":[{"href":"http:\/\/blaservices.com.mx\/inicio\/wp-json\/wp\/v2\/pages"}],"about":[{"href":"http:\/\/blaservices.com.mx\/inicio\/wp-json\/wp\/v2\/types\/page"}],"author":[{"embeddable":true,"href":"http:\/\/blaservices.com.mx\/inicio\/wp-json\/wp\/v2\/users\/1"}],"replies":[{"embeddable":true,"href":"http:\/\/blaservices.com.mx\/inicio\/wp-json\/wp\/v2\/comments?post=14006"}],"version-history":[{"count":30,"href":"http:\/\/blaservices.com.mx\/inicio\/wp-json\/wp\/v2\/pages\/14006\/revisions"}],"predecessor-version":[{"id":15318,"href":"http:\/\/blaservices.com.mx\/inicio\/wp-json\/wp\/v2\/pages\/14006\/revisions\/15318"}],"wp:attachment":[{"href":"http:\/\/blaservices.com.mx\/inicio\/wp-json\/wp\/v2\/media?parent=14006"}],"curies":[{"name":"wp","href":"https:\/\/api.w.org\/{rel}","templated":true}]}}