{"id":15223,"date":"2015-12-17T22:36:52","date_gmt":"2015-12-17T22:36:52","guid":{"rendered":"http:\/\/blaservices.com.mx\/inicio\/?page_id=15223"},"modified":"2015-12-17T22:36:52","modified_gmt":"2015-12-17T22:36:52","slug":"terminos-y-condiciones","status":"publish","type":"page","link":"http:\/\/blaservices.com.mx\/inicio\/terminos-y-condiciones\/","title":{"rendered":"T\u00e9rminos y condiciones"},"content":{"rendered":"<p>[vc_row row_type=&#8221;row&#8221; use_row_as_full_screen_section=&#8221;no&#8221; type=&#8221;full_width&#8221; header_style=&#8221;&#8221; parallax_content_width=&#8221;in_grid&#8221; anchor=&#8221;&#8221; in_content_menu=&#8221;&#8221; content_menu_title=&#8221;&#8221; content_menu_icon=&#8221;&#8221; angled_section=&#8221;no&#8221; angled_section_position=&#8221;both&#8221; angled_section_direction=&#8221;from_left_to_right&#8221; text_align=&#8221;left&#8221; video=&#8221;&#8221; video_overlay=&#8221;&#8221; video_overlay_image=&#8221;&#8221; video_webm=&#8221;&#8221; video_mp4=&#8221;&#8221; video_ogv=&#8221;&#8221; video_image=&#8221;&#8221; background_image=&#8221;&#8221; background_image_as_pattern=&#8221;without_pattern&#8221; section_height=&#8221;&#8221; parallax_speed=&#8221;&#8221; background_color=&#8221;&#8221; border_color=&#8221;&#8221; row_negative_margin=&#8221;&#8221; side_padding=&#8221;&#8221; parallax_side_padding=&#8221;&#8221; padding_top=&#8221;&#8221; padding_bottom=&#8221;&#8221; color=&#8221;&#8221; hover_color=&#8221;&#8221; more_button_label=&#8221;&#8221; less_button_label=&#8221;&#8221; button_position=&#8221;&#8221; css_animation=&#8221;&#8221; transition_delay=&#8221;&#8221;][vc_column width=&#8221;1\/1&#8243;][vc_empty_space height=&#8221;32px&#8221; image_repeat=&#8221;no-repeat&#8221;][vc_column_text]<em><strong>Pol\u00edticas de Privacidad y T\u00e9rminos de Uso<\/strong><\/em><\/p>\n<p><strong>Pol\u00edtica de Privacidad<\/strong>\u00a0Este documento describe la pol\u00edtica de BLA Servicios Corporativos, S.C. (denominado de aqu\u00ed en adelante \u201cBLA\u201d) en relaci\u00f3n con la informaci\u00f3n que nos proporciona durante sus visitas a nuestro sitio en la Web. La cantidad y el tipo de informaci\u00f3n recibida dependen de la manera en que utiliza nuestro sitio.<br \/>\nBLA utiliza medidas de seguridad de car\u00e1cter t\u00e9cnico y corporativo con el objeto de proteger la informaci\u00f3n que tenemos bajo nuestra administraci\u00f3n en contra de cualquier manipulaci\u00f3n ya sea accidental o intencional, p\u00e9rdida o destrucci\u00f3n as\u00ed como para evitar que sea revelada a terceros no autorizados, actualiz\u00e1ndose de manera continua los procedimientos de seguridad conforme los avances de la tecnolog\u00eda disponibles en M\u00e9xico y conforme a las posibilidades financieras de adquisici\u00f3n por parte de BLA.<\/p>\n<p><strong>Limitaciones en la Amplitud del Contenido<\/strong>\u00a0El sitio Web\u00a0<a href=\"http:\/\/www.blaservices.com.mx\/\">www.blaservices.com.mx<\/a>\u00a0contiene informaci\u00f3n de BLA en relaci\u00f3n a sus servicios. Los servicios que provee BLA \u00a0en este sitio est\u00e1n disponibles s\u00f3lo en M\u00e9xico, sin perjuicio de las alianzas internacionales mencionadas.<\/p>\n<p><strong>Sin Representaci\u00f3n ni Garant\u00eda<\/strong>\u00a0BLA se reserva el derecho de modificar el contenido de la informaci\u00f3n de este sitio en cualquier momento sin previo aviso; asimismo las condiciones de los servicios pueden cambiar sin previo aviso.<\/p>\n<p>Este sitio Web puede contener ligas hipertextos a otros sitios de la World Wide Web que son completamente independientes de este sitio. BLA no hace ning\u00fan tipo de representaci\u00f3n ni garantiza la exactitud, la veracidad o autenticidad de cualquier informaci\u00f3n contenida en esas ligas hipertextos, y cualquier ligas hipertextos a otra persona o entidad no puede ser considerada de ninguna manera en el sentido de que BLA aprueba los productos, servicios del sitio World Wide Web de dicha persona o entidad. Su conexi\u00f3n a otras ligas u otros sitios queda a su propio riesgo.<\/p>\n<p>La confidencialidad del uso de este sitio no puede ser garantizada por BLA. BLA no ser\u00e1 responsable por da\u00f1o alguno que usted u otra persona puedan sufrir como resultado de una violaci\u00f3n a la confidencialidad respecto al uso que le da a este sitio o cualquier informaci\u00f3n que usted transmita en este sitio.<\/p>\n<p>BLA no es responsable de da\u00f1os o perjuicios que pueda derivarse en forma directa o indirecta por el contenido y\/o funcionamiento y\/o uso y\/o disponibilidad de este sitio de internet incluyendo de manera enunciativa m\u00e1s no limitativa, falta de precisi\u00f3n, pertinencia, detalle o veracidad del contenido del sitio, virus inform\u00e1tico que pudiera infectar su equipo, derivado de la conexi\u00f3n o transferencia de informaci\u00f3n entre este website y su equipo de computo incluyendo enlace y accesorios, presencia de elementos operados y mostrados en los sitios de internet por cualquier tercero distinto a BLA o la presencia de elementos publicitarios que pudieran ofender al Usuario entre otros.<\/p>\n<p>BLA es una persona moral distinta de cada uno de los miembros pertenecientes de la Alianza Estrat\u00e9gica y por tanto cada uno de ellos es responsable por los servicios, informaci\u00f3n y dem\u00e1s condiciones que por si mismos ofrezcan a trav\u00e9s de este medio u otros medios publicitarios.<\/p>\n<p><strong>Uso normal del Sitio Web<\/strong>\u00a0Puede visitar el sitio Web de BLA para leer informaci\u00f3n de los servicios o usar sus herramientas (de manera enunciativa mas no limitativa, atenci\u00f3n on line entre otros,) sin decirnos qui\u00e9n es y sin revelar informaci\u00f3n personal. La \u00fanica informaci\u00f3n que reunimos y almacenamos durante el uso normal del sitio Web es el nombre de su proveedor de servicio de Internet, el sitio de Internet que lo remiti\u00f3 a nosotros y el tipo de m\u00e1quina que est\u00e1 usando, la direcci\u00f3n IP, el sitio Web que le refiri\u00f3 a nosotros, las p\u00e1ginas que requiri\u00f3 y el d\u00eda y la hora en que la requiri\u00f3.<\/p>\n<p>Usamos esa informaci\u00f3n para generar estad\u00edsticas y medir la actividad del sitio para mejorar la utilidad de las visitas de nuestros clientes. Durante el uso normal del sitio Web no reunimos ni almacenamos informaci\u00f3n identificable personal como nombre, direcci\u00f3n de correo, direcci\u00f3n de correo electr\u00f3nico o n\u00famero de tel\u00e9fono.<\/p>\n<p><strong>Obtenci\u00f3n de informaci\u00f3n que te pueda identificar personalmente<\/strong>\u00a0Hay algunos casos en los que BLA solicita informaci\u00f3n que podr\u00e1 identificarlo personalmente para brindarle un servicio o correspondencia, esta informaci\u00f3n, por ejemplo nombre, domicilio postal, direcci\u00f3n de correo electr\u00f3nico, tipo de solicitud y cualquier informaci\u00f3n adicional, se obtiene y se almacena seg\u00fan la naturaleza de los datos y se emplea para cumplir con su consulta. BLA hace el esfuerzo necesario para asegurarle la seguridad en la recopilaci\u00f3n y la transmisi\u00f3n de informaci\u00f3n sensible del usuario usando sistemas aceptados por la industria y la metodolog\u00eda de codificaci\u00f3n. La informaci\u00f3n que provea ser\u00e1 usada por BLA para mejorar el servicio que le brindamos. La informaci\u00f3n que nos brinde no se suministrar\u00e1 a ninguna otra compa\u00f1\u00eda que no forme parte de la Alianza Estrat\u00e9gica del Grupo BLA para el uso independiente de esa compa\u00f1\u00eda.<\/p>\n<p>BLA nunca vender\u00e1 ni proporcionar\u00e1 su informaci\u00f3n personal a ninguna compa\u00f1\u00eda, a menos que se trate del Grupo BLA. Los usuarios quienes se inscriben en la base de datos de direcciones (correo electr\u00f3nico) pueden cambiar su perfil aqu\u00ed. Adem\u00e1s, deber\u00e1 asegurarse de anotar otros comentarios respecto al uso de la informaci\u00f3n de p\u00e1ginas espec\u00edficas dentro de este sitio Web.<\/p>\n<p><strong>Uso de las cookies<\/strong>\u00a0Las cookies son piezas de informaci\u00f3n que un sitio Web transfiere al disco duro con la sola intenci\u00f3n de mantener la informaci\u00f3n en la memoria, para poder hacer el seguimiento de las actividades del sitio y del usuario. El uso de cookies es un est\u00e1ndar en la industria y lo podr\u00e1 encontrar en la mayor\u00eda de los sitios Web. Mostrando c\u00f3mo y cu\u00e1ndo los visitantes usan el sitio, las cookies ayudan a BLA a hacer el seguimiento de las \u00e1reas de nuestro sitio que son populares y las que no lo son. Muchas mejoras y actualizaciones en el sitio est\u00e1n basadas en esa informaci\u00f3n como el resultado del n\u00famero total de visitantes y las p\u00e1ginas vistas.<\/p>\n<p>La mayor\u00eda de los navegadores est\u00e1n inicialmente programados para aceptar cookies. Si prefiere, puede programar el suyo para rechazar cookies o para alertarte cuando una cookie ha sido enviada. De todas formas, es posible que algunas partes del sitio no funcionen apropiadamente. Adem\u00e1s, con el tiempo no podremos reconocerle como visitante.<\/p>\n<p>Usando este sitio, expresa su consentimiento hacia la Pol\u00edtica de Privacidad de BLA, de no estar de acuerdo con la misma, deber\u00e1 abandonar el sitio de internet.<\/p>\n<p>Nos reservamos el derecho de cambiar cualquiera de las Pol\u00edticas de Privacidad de BLA sin previo aviso.<\/p>\n<p><strong>Derechos Reservados\/Marcas Registradas<\/strong>\u00a0La informaci\u00f3n en este sitio est\u00e1 protegida con derechos reservados. El contenido de la misma informaci\u00f3n, texto, o gr\u00e1ficas pueden ser utilizadas \u00fanicamente para uso personal y se proh\u00edbe la reproducci\u00f3n, alteraci\u00f3n o publicaci\u00f3n total o parcial del mismo y debe ser con la autorizaci\u00f3n escrita de BLA. Hacemos de su conocimiento que ni el acceso a esta p\u00e1gina de internet, ni su contenido le otorgar\u00e1 derecho, concesi\u00f3n o licencia alguno, sobre la propiedad intelectual de las marcas del Grupo BLA.<\/p>\n<p><strong>Registros del Usuario<\/strong>\u00a0BLA no se encuentra obligada a verificar o dar contestaci\u00f3n a los mensajes o informaci\u00f3n registrada en este Sitio por los Usuarios, por lo que no asume ninguna responsabilidad por dichos registros o inscripciones. Sin perjuicio de lo anterior, BLA se reserva la facultad de monitorear dichos registros con la frecuencia que as\u00ed estime conveniente, as\u00ed como a suprimir cualquier registro cuyo contenido sea, de manera enunciativa mas no limitativa: (i) ilegal, inmoral, difamatorio, calumnioso, vulgar, obsceno, \u00e9tnica o racialmente discriminatorio, o cualquier otro material cuyo contenido incite alg\u00fan comportamiento o conducta que pueda ser considerada ilegal o contra los usos y buenas costumbres, o pueda acarrear alg\u00fan tipo de responsabilidad; (ii) Promociones u ofertas de cualquier especie, (iii) Mensajes registrados por Usuarios atribuyendo la autor\u00eda de los mismos a otras personas; (iv) informaci\u00f3n personal (por ejemplo: n\u00famero telef\u00f3nico, domicilio, n\u00fameros de cuenta, historial laboral, etc.); (v) Mensajes registrados por terceros que pretenden hacerse pasar por voceros autorizados por BLA; (vi) Mensajes a trav\u00e9s de los cuales se ofrezca informaci\u00f3n privada o propiedades intelectuales; (vii) Mensajes m\u00faltiples colocados por un mismo Usuario; y\/o (viii) Cualquier tipo de mensajes encadenados o seriados.<\/p>\n<p><strong>Acceso a secciones protegidas mediante contrase\u00f1as<\/strong>\u00a0El acceso a las secciones de seguridad de este Sitio protegidas mediante claves o contrase\u00f1as, se encuentra habilitado \u00fanicamente a los \u201cUsuarios\u201d que se encuentren debidamente autorizados para tal efecto. La informaci\u00f3n contenida en dicho acceso, en su caso, no altera y\/o modifica las obligaciones asumidas por el Usuario a favor de BLA; por lo que en todo momento siempre se estar\u00e1 a lo pactado y\/o suscrito en los documentos de cr\u00e9dito respectivos:<\/p>\n<p><strong>Legislaci\u00f3n aplicable y Jurisdicci\u00f3n<\/strong>\u00a0Las controversias que pudieran surgir como resultado de la utilizaci\u00f3n de este sitio de internet se encuentran sujetas a las leyes mexicanas y a la jurisdicci\u00f3n de los tribunales competentes de la Ciudad de M\u00e9xico, Distrito Federal y\/o Aguascalientes, Ags. El Usuario renuncia desde ahora a cualquier otro fuero que pudiera corresponderle en raz\u00f3n de su domicilio o futuro o por cualquier otra causa. El idioma oficial en caso de controversia es el espa\u00f1ol.[\/vc_column_text][vc_empty_space height=&#8221;32px&#8221; image_repeat=&#8221;no-repeat&#8221;][\/vc_column][\/vc_row]<\/p>\n","protected":false},"excerpt":{"rendered":"<p>[vc_row row_type=&#8221;row&#8221; use_row_as_full_screen_section=&#8221;no&#8221; type=&#8221;full_width&#8221; header_style=&#8221;&#8221; parallax_content_width=&#8221;in_grid&#8221; anchor=&#8221;&#8221; in_content_menu=&#8221;&#8221; content_menu_title=&#8221;&#8221; content_menu_icon=&#8221;&#8221; angled_section=&#8221;no&#8221; angled_section_position=&#8221;both&#8221; angled_section_direction=&#8221;from_left_to_right&#8221; text_align=&#8221;left&#8221; video=&#8221;&#8221; video_overlay=&#8221;&#8221; video_overlay_image=&#8221;&#8221; video_webm=&#8221;&#8221; video_mp4=&#8221;&#8221; video_ogv=&#8221;&#8221; video_image=&#8221;&#8221; background_image=&#8221;&#8221; background_image_as_pattern=&#8221;without_pattern&#8221; section_height=&#8221;&#8221; parallax_speed=&#8221;&#8221; background_color=&#8221;&#8221; border_color=&#8221;&#8221; row_negative_margin=&#8221;&#8221; side_padding=&#8221;&#8221; parallax_side_padding=&#8221;&#8221; padding_top=&#8221;&#8221; padding_bottom=&#8221;&#8221; color=&#8221;&#8221; hover_color=&#8221;&#8221; more_button_label=&#8221;&#8221; less_button_label=&#8221;&#8221; button_position=&#8221;&#8221; css_animation=&#8221;&#8221; transition_delay=&#8221;&#8221;][vc_column width=&#8221;1\/1&#8243;][vc_empty_space height=&#8221;32px&#8221; image_repeat=&#8221;no-repeat&#8221;][vc_column_text]Pol\u00edticas de Privacidad y&#8230;<\/p>\n","protected":false},"author":1,"featured_media":0,"parent":0,"menu_order":0,"comment_status":"closed","ping_status":"closed","template":"","meta":[],"_links":{"self":[{"href":"http:\/\/blaservices.com.mx\/inicio\/wp-json\/wp\/v2\/pages\/15223"}],"collection":[{"href":"http:\/\/blaservices.com.mx\/inicio\/wp-json\/wp\/v2\/pages"}],"about":[{"href":"http:\/\/blaservices.com.mx\/inicio\/wp-json\/wp\/v2\/types\/page"}],"author":[{"embeddable":true,"href":"http:\/\/blaservices.com.mx\/inicio\/wp-json\/wp\/v2\/users\/1"}],"replies":[{"embeddable":true,"href":"http:\/\/blaservices.com.mx\/inicio\/wp-json\/wp\/v2\/comments?post=15223"}],"version-history":[{"count":1,"href":"http:\/\/blaservices.com.mx\/inicio\/wp-json\/wp\/v2\/pages\/15223\/revisions"}],"predecessor-version":[{"id":15224,"href":"http:\/\/blaservices.com.mx\/inicio\/wp-json\/wp\/v2\/pages\/15223\/revisions\/15224"}],"wp:attachment":[{"href":"http:\/\/blaservices.com.mx\/inicio\/wp-json\/wp\/v2\/media?parent=15223"}],"curies":[{"name":"wp","href":"https:\/\/api.w.org\/{rel}","templated":true}]}}